s the greatest common factor of 253 and 23?
23
What is the highest common divisor of 78 and 5161?
13
Calculate the greatest common divisor of 9400 and 2632.
376
Calculate the highest common factor of 91 and 728.
91
What is the highest common factor of 40 and 10?
10
Calculate the greatest common factor of 88 and 396.
44
Calculate the greatest common divisor of 6 and 978.
6
Calculate the greatest common factor of 26 and 7761.
13
What is the greatest common divisor of 488 and 549?
61
Calculate the highest common factor of 1127 and 49.
49
What is the highest common factor of 84 and 63?
21
Calculate the greatest common factor of 848 and 159.
53
What is the highest common divisor of 415 and 83?
83
What is the greatest common factor of 48 and 4272?
48
What is the highest common divisor of 496 and 124?
124
Calculate the highest common factor of 700 and 4700.
100
Calculate the highest common divisor of 320 and 80.
80
What is the highest common divisor of 143 and 319?
11
Calculate the greatest common divisor of 8340 and 6.
6
Calculate the highest common divisor of 259 and 37.
37
Calculate the highest common divisor of 273 and 455.
91
What is the greatest common divisor of 48 and 9336?
24
Calculate the greatest common divisor of 1950 and 351.
39
Calculate the greatest common factor of 40 and 320.
40
Calculate the highest common factor of 117 and 1833.
39
What is the greatest common factor of 788 and 32?
4
Calculate the greatest common factor of 76 and 608.
76
What is the highest common divisor of 309 and 3193?
103
Calculate the highest common factor of 90 and 4210.
10
Calculate the highest common divisor of 392 and 3304.
56
Calculate the greatest common factor of 10 and 706.
2
What is the greatest common divisor of 19935 and 105?
15
What is the highest common factor of 275 and 100?
25
What is the highest common divisor of 363 and 957?
33
What is the greatest common factor of 81 and 864?
27
What is the greatest common divisor of 29 and 319?
29
What is the greatest common factor of 20 and 19060?
20
What is the highest common factor of 135 and 15?
15
Calculate the highest common divisor of 3082 and 644.
46
What is the greatest common factor of 583 and 341?
11
What is the greatest common factor of 217 and 341?
31
Calculate the highest common divisor of 1566 and 63.
9
Calculate the highest common divisor of 27 and 9423.
27
Calculate the greatest common factor of 60 and 690.
30
What is the highest common divisor of 44 and 66?
22
What is the greatest common factor of 1209 and 351?
39
What is the highest common factor of 86 and 4644?
86
Calculate the greatest common factor of 810 and 486.
162
Calculate the greatest common factor of 3441 and 186.
93
What is the greatest common divisor of 8415 and 44?
11
Calculate the highest common divisor of 34 and 4641.
17
Calculate the greatest common factor of 259 and 7.
7
What is the highest common factor of 4348 and 4?
4
Calculate the highest common divisor of 12731 and 29.
29
What is the highest common factor of 29900 and 299?
299
What is the highest common divisor of 840 and 1365?
105
What is the greatest common factor of 90 and 130?
10
Calculate the greatest common divisor of 110 and 1958.
22
What is the highest common factor of 681 and 5?
1
What is the greatest common factor of 20 and 220?
20
What is the highest common divisor of 2967 and 516?
129
What is the greatest common divisor of 5550 and 888?
222
What is the greatest common divisor of 171 and 45?
9
Calculate the highest common divisor of 7 and 329.
7
Calculate the greatest common factor of 9844 and 23.
23
Calculate the highest common divisor of 984 and 3690.
246
Calculate the greatest common divisor of 114 and 12.
6
Calculate the greatest common factor of 165 and 220.
55
What is the greatest common divisor of 44 and 2?
2
What is the greatest common factor of 351 and 13?
13
Calculate the greatest common factor of 66 and 6.
6
Calculate the greatest common factor of 279 and 21297.
93
Calculate the greatest common divisor of 124 and 13423.
31
What is the greatest common factor of 62 and 1178?
62
What is the highest common divisor of 476 and 3584?
28
Calculate the highest common factor of 1599 and 2091.
123
Calculate the highest common factor of 1792 and 14.
14
What is the greatest common factor of 34124 and 76?
76
What is the highest common factor of 32 and 44?
4
What is the highest common divisor of 3475 and 25?
25
Calculate the highest common divisor of 678 and 6.
6
What is the highest common divisor of 473 and 1075?
43
Calculate the greatest common factor of 118 and 1062.
118
Calculate the highest common divisor of 675 and 9.
9
Calculate the highest common divisor of 790 and 20.
10
What is the greatest common factor of 36 and 171?
9
Calculate the highest common divisor of 386 and 10.
2
What is the highest common factor of 29 and 899?
29
Calculate the highest common factor of 91 and 13.
13
What is the greatest common divisor of 5 and 10715?
5
Calculate the highest common divisor of 20 and 4220.
20
Calculate the highest common factor of 154 and 44.
22
Calculate the greatest common divisor of 10 and 219.
1
Calculate the greatest common factor of 21 and 133.
7
What is the greatest common factor of 9 and 8?
1
Calculate the highest common factor of 363 and 33.
33
What is the greatest common factor of 25 and 22400?
25
Calculate the highest common divisor of 4534 and 2.
2
Calculate the greatest common divisor of 128 and 864.
32
Calculate the greatest common factor of 440 and 120.
40
What is the highest common divisor of 5063 and 61?
61
Calculate the greatest common divisor of 440 and 11880.
440
What is the highest common factor of 6 and 906?
6
Calculate the highest common divisor of 273 and 2379.
39
What is the highest common factor of 252 and 112?
28
Calculate the greatest common factor of 36 and 4572.
36
What is the highest common factor of 54 and 36?
18
What is the greatest common factor of 1029 and 5439?
147
What is the greatest common divisor of 1986 and 12?
6
What is the highest common factor of 60 and 12?
12
Calculate the greatest common divisor of 1881 and 171.
171
What is the greatest common divisor of 6 and 24?
6
Calculate the greatest common divisor of 1830 and 30.
30
Calculate the greatest common factor of 96 and 1584.
48
Calculate the greatest common factor of 220 and 40.
20
Calculate the greatest common factor of 1230 and 70.
10
Calculate the greatest common factor of 50 and 325.
25
Calculate the highest common divisor of 110 and 40.
10
What is the greatest common factor of 1366 and 8?
2
What is the greatest common factor of 32 and 416?
32
Calculate the greatest common factor of 720 and 540.
180
Calculate the highest common divisor of 840 and 126.
42
Calculate the highest common factor of 63 and 35847.
63
Calculate the greatest common divisor of 200 and 25.
25
What is the highest common factor of 140 and 1330?
70
Calculate the greatest common divisor of 99 and 88.
11
Calculate the highest common factor of 54 and 1674.
54
What is the highest common factor of 230 and 190?
10
Calculate the greatest common factor of 1452 and 12.
12
What is the greatest common factor of 191 and 27?
1
What is the greatest common divisor of 2128 and 560?
112
What is the highest common factor of 418 and 3971?
209
Calculate the greatest common factor of 1088 and 34.
34
Calculate the highest common divisor of 63 and 72.
9
What is the greatest common divisor of 6825 and 130?
65
What is the greatest common factor of 690 and 30?
30
What is the highest common divisor of 14 and 346?
2
Calculate the highest common factor of 7460 and 40.
20
Calculate the highest common divisor of 208 and 1833.
13
Calculate the greatest common divisor of 123 and 87.
3
What is the highest common factor of 4402 and 248?
62
What is the greatest common factor of 141 and 235?
47
Calculate the greatest common factor of 26 and 1625.
13
Calculate the greatest common factor of 35 and 945.
35
Calculate the highest common divisor of 182 and 390.
26
Calculate the greatest common divisor of 21 and 16737.
21
What is the greatest common factor of 5508 and 1428?
204
What is the greatest common factor of 204 and 486?
6
What is the greatest common factor of 140 and 70?
70
What is the highest common divisor of 539 and 33?
